{"id":120,"date":"2017-05-10T06:43:09","date_gmt":"2017-05-10T06:43:09","guid":{"rendered":"http:\/\/www.transjbuendia.com\/blog\/?page_id=120"},"modified":"2020-06-23T10:37:18","modified_gmt":"2020-06-23T10:37:18","slug":"transporte-nacional-e-internacional","status":"publish","type":"page","link":"https:\/\/transjbuendia.com\/blog\/transporte-nacional-e-internacional\/","title":{"rendered":"TRANSPORTE NACIONAL E INTERNACIONAL"},"content":{"rendered":"<p style=\"text-align: justify;\"><img loading=\"lazy\" class=\"alignnone size-full wp-image-878\" src=\"https:\/\/transjbuendia.com\/blog\/wp-content\/uploads\/2017\/05\/CAMION-2-EDIT.jpeg\" alt=\"\" width=\"781\" height=\"758\" srcset=\"https:\/\/transjbuendia.com\/blog\/wp-content\/uploads\/2017\/05\/CAMION-2-EDIT.jpeg 781w, https:\/\/transjbuendia.com\/blog\/wp-content\/uploads\/2017\/05\/CAMION-2-EDIT-300x291.jpeg 300w, https:\/\/transjbuendia.com\/blog\/wp-content\/uploads\/2017\/05\/CAMION-2-EDIT-768x745.jpeg 768w\" sizes=\"(max-width: 781px) 100vw, 781px\" \/><\/p>\n<p style=\"text-align: justify;\">\n<p style=\"text-align: justify;\"><span style=\"color: #000000; font-family: Ubuntu, sans-serif; font-size: 14px;\">Contratar un servicio de log\u00edstica Madrid- Valencia con nuestra empresa de transporte mercanc\u00edas con flota propia, le dar\u00e1 mucho mas seguridad y proyecci\u00f3n a sus env\u00edos.<\/span><\/p>\n<p style=\"text-align: justify;\"><span style=\"font-size: 14px; font-family: Ubuntu, sans-serif; color: #000000;\">Contrate con nosotros tambi\u00e9n cargas y transportes de Espa\u00f1a a Portugal , o a Islas Baleares, la mejor experiencia y precios garantizados.<\/span><\/p>\n<p style=\"text-align: justify;\"><span style=\"color: #000000; font-family: Ubuntu, sans-serif; font-size: 14px;\">Para cualquier compa\u00f1\u00eda de transporte los veh\u00edculos desempe\u00f1an un gran papel en el establecimiento de servicios log\u00edsticos de alta calidad.<\/span><\/p>\n<p style=\"text-align: justify;\"><span style=\"color: #000000; font-family: Ubuntu, sans-serif; font-size: 14px;\">No es de extra\u00f1ar que la selecci\u00f3n de un veh\u00edculo de transporte adecuado, ya sea un trailer, cami\u00f3n o una camioneta, es una tarea muy importante.<\/span><\/p>\n<p style=\"text-align: justify;\"><span style=\"font-family: Ubuntu, sans-serif; font-size: 14px; color: #000000;\">En este art\u00edculo, contamos algunos de los principios clave que debe conocer al seleccionar un veh\u00edculo para fines de transporte.<\/span><\/p>\n<p style=\"text-align: justify;\"><span style=\"font-family: Ubuntu, sans-serif; font-size: 14px; color: #000000;\">Para ello, basta con hacerse unas preguntas sencillas de f\u00e1cil respuesta.<\/span><\/p>\n<p style=\"text-align: justify;\"><span style=\"font-family: Ubuntu, sans-serif; font-size: 14px; color: #000000;\">\u00bfPor que contratar nuestro servicio de carga con una empresa que tenga flota propia?<\/span><\/p>\n<p style=\"text-align: justify;\"><span style=\"font-family: Ubuntu, sans-serif; font-size: 14px; color: #000000;\">\u00bfQue beneficios obtenemos, y de que manera nos afecta?<\/span><\/p>\n<p style=\"text-align: justify;\"><span style=\"font-family: Ubuntu, sans-serif; font-size: 14px; color: #000000;\">\u00a0 \u00a0 \u00a0 \u00a0 \u00a01-Disponibilidad inmediata del servicio, sin depender de terceros.<\/span><\/p>\n<p style=\"text-align: justify;\"><span style=\"font-family: Ubuntu, sans-serif; font-size: 14px; color: #000000;\">\u00a0 \u00a0 \u00a0 \u00a0 \u00a02-Seguimiento constante de la carga y plazos de entrega mas flexibles.<\/span><\/p>\n<p style=\"text-align: justify;\"><span style=\"font-family: Ubuntu, sans-serif; font-size: 14px; color: #000000;\">\u00a0 \u00a0 \u00a0 \u00a0 \u00a03-Plena autonom\u00eda en nuestros env\u00edos.<\/span><\/p>\n<p style=\"text-align: justify;\"><span style=\"font-family: Ubuntu, sans-serif; font-size: 14px; color: #000000;\">\u00a0 \u00a0 \u00a0 \u00a0 \u00a04-Personal mas cualificado encargado de nuestras cargas.<\/span><\/p>\n<p style=\"text-align: justify;\"><span style=\"font-family: Ubuntu, sans-serif; font-size: 14px; color: #000000;\">\u00a0 \u00a0 \u00a0 \u00a0 \u00a05-Mayor seguridad y equidad en los env\u00edos.<\/span><\/p>\n<p style=\"text-align: justify;\"><span style=\"font-family: Ubuntu, sans-serif; font-size: 14px; color: #000000;\">\u00a0 \u00a0 \u00a0 \u00a0 \u00a06-Precios mas competitivos y ajustados.<\/span><\/p>\n<p style=\"text-align: justify;\"><span style=\"font-size: 14px; font-family: Ubuntu, sans-serif; color: #000000;\">Estas seis razones de peso, marcan la diferencia a la hora de plantearnos con quien contratar los servicios log\u00edsticos.<\/span><\/p>\n<p style=\"text-align: justify;\"><span style=\"font-family: Ubuntu, sans-serif; font-size: 14px; color: #000000;\">\u00bfEs usted empresa de transportes o aut\u00f3nomo y aun no ha trabajado con nosotros?<\/span><\/p>\n<p><span style=\"font-size: 14px; color: #000000; font-family: Ubuntu, sans-serif;\">Ll\u00e1menos al<strong> <big> <i class=\"fa fa-phone\"> <a style=\"color: #000000;\" href=\"tel:961514924\"> TEL: 96 151 49 24<\/a>\u00a0 <\/i><\/big><\/strong>y le informaremos sin compromiso de las condiciones y precios de envi\u00f3.<\/span><\/p>\n<p><span style=\"border-radius: 2px; text-indent: 20px; width: auto; padding: 0px 4px 0px 0px; text-align: center; font: bold 11px\/20px 'Helvetica Neue',Helvetica,sans-serif; color: #ffffff; background: #bd081c no-repeat scroll 3px 50% \/ 14px 14px; position: absolute; opacity: 1; z-index: 8675309; display: none; cursor: pointer;\">Guardar<\/span><\/p>\n","protected":false},"excerpt":{"rendered":"<p>Contratar un servicio de log\u00edstica Madrid- Valencia con nuestra empresa de transporte mercanc\u00edas con flota propia, le dar\u00e1 mucho mas seguridad y proyecci\u00f3n a sus env\u00edos. Contrate con nosotros tambi\u00e9n cargas y transportes de Espa\u00f1a a Portugal , o a Islas Baleares, la mejor experiencia y precios garantizados. Para cualquier compa\u00f1\u00eda de transporte los veh\u00edculos desempe\u00f1an un gran papel en el establecimiento de servicios log\u00edsticos de alta calidad. No es de extra\u00f1ar que la selecci\u00f3n de un veh\u00edculo de transporte adecuado, ya sea un trailer, cami\u00f3n o una camioneta, es una tarea muy importante. En este art\u00edculo, contamos algunos de [&hellip;]<\/p>\n","protected":false},"author":1,"featured_media":0,"parent":0,"menu_order":0,"comment_status":"closed","ping_status":"closed","template":"page-templates\/frontpage-full-width.php","meta":[],"yoast_head":"<!-- This site is optimized with the Yoast SEO plugin v14.7 - https:\/\/yoast.com\/wordpress\/plugins\/seo\/ -->\n<title>TRANSPORTE NACIONAL E INTERNACIONAL - Blog de Transporte Mercancias-Transportes Joaquin Buendia-Transporte y Logistica<\/title>\n<meta name=\"description\" content=\"Transporte de mercancia, logistica y carga en toda espa\u00f1a. rutas madrid valencia. levante madrid.\" \/>\n<meta name=\"robots\" content=\"index, follow\" \/>\n<meta name=\"googlebot\" content=\"index, follow, max-snippet:-1, max-image-preview:large, max-video-preview:-1\" \/>\n<meta name=\"bingbot\" content=\"index, follow, max-snippet:-1, max-image-preview:large, max-video-preview:-1\" \/>\n<link rel=\"canonical\" href=\"https:\/\/transjbuendia.com\/blog\/transporte-nacional-e-internacional\/\" \/>\n<meta property=\"og:locale\" content=\"es_ES\" \/>\n<meta property=\"og:type\" content=\"article\" \/>\n<meta property=\"og:title\" content=\"TRANSPORTE NACIONAL E INTERNACIONAL - Blog de Transporte Mercancias-Transportes Joaquin Buendia-Transporte y Logistica\" \/>\n<meta property=\"og:description\" content=\"Transporte de mercancia, logistica y carga en toda espa\u00f1a. rutas madrid valencia. levante madrid.\" \/>\n<meta property=\"og:url\" content=\"https:\/\/transjbuendia.com\/blog\/transporte-nacional-e-internacional\/\" \/>\n<meta property=\"og:site_name\" content=\"Blog de Transporte Mercancias-Transportes Joaquin Buendia-Transporte y Logistica\" \/>\n<meta property=\"article:publisher\" content=\"https:\/\/www.facebook.com\/Transportes-Joaquin-Buendia-829489800539210\/\" \/>\n<meta property=\"article:author\" content=\"https:\/\/www.facebook.com\/Transportes-Joaquin-Buendia-829489800539210\/\" \/>\n<meta property=\"article:modified_time\" content=\"2020-06-23T10:37:18+00:00\" \/>\n<meta property=\"og:image\" content=\"https:\/\/transjbuendia.com\/blog\/wp-content\/uploads\/2017\/05\/CAMION-2-EDIT.jpeg\" \/>\n<meta name=\"twitter:card\" content=\"summary\" \/>\n<meta name=\"twitter:creator\" content=\"@TransJBuendia\" \/>\n<meta name=\"twitter:site\" content=\"@TransJBuendia\" \/>\n<script type=\"application\/ld+json\" class=\"yoast-schema-graph\">{\"@context\":\"https:\/\/schema.org\",\"@graph\":[{\"@type\":\"WebSite\",\"@id\":\"https:\/\/transjbuendia.com\/blog\/#website\",\"url\":\"https:\/\/transjbuendia.com\/blog\/\",\"name\":\"Blog de Transporte Mercancias-Transportes Joaquin Buendia-Transporte y Logistica\",\"description\":\"carga, logistica y transporte de mercancias. Ruta Madrid Valencia.\",\"potentialAction\":[{\"@type\":\"SearchAction\",\"target\":\"https:\/\/transjbuendia.com\/blog\/?s={search_term_string}\",\"query-input\":\"required name=search_term_string\"}],\"inLanguage\":\"es\"},{\"@type\":\"ImageObject\",\"@id\":\"https:\/\/transjbuendia.com\/blog\/transporte-nacional-e-internacional\/#primaryimage\",\"inLanguage\":\"es\",\"url\":\"https:\/\/transjbuendia.com\/blog\/wp-content\/uploads\/2017\/05\/CAMION-2-EDIT.jpeg\",\"width\":781,\"height\":758},{\"@type\":\"WebPage\",\"@id\":\"https:\/\/transjbuendia.com\/blog\/transporte-nacional-e-internacional\/#webpage\",\"url\":\"https:\/\/transjbuendia.com\/blog\/transporte-nacional-e-internacional\/\",\"name\":\"TRANSPORTE NACIONAL E INTERNACIONAL - Blog de Transporte Mercancias-Transportes Joaquin Buendia-Transporte y Logistica\",\"isPartOf\":{\"@id\":\"https:\/\/transjbuendia.com\/blog\/#website\"},\"primaryImageOfPage\":{\"@id\":\"https:\/\/transjbuendia.com\/blog\/transporte-nacional-e-internacional\/#primaryimage\"},\"datePublished\":\"2017-05-10T06:43:09+00:00\",\"dateModified\":\"2020-06-23T10:37:18+00:00\",\"description\":\"Transporte de mercancia, logistica y carga en toda espa\\u00f1a. rutas madrid valencia. levante madrid.\",\"inLanguage\":\"es\",\"potentialAction\":[{\"@type\":\"ReadAction\",\"target\":[\"https:\/\/transjbuendia.com\/blog\/transporte-nacional-e-internacional\/\"]}]}]}<\/script>\n<!-- \/ Yoast SEO plugin. -->","_links":{"self":[{"href":"https:\/\/transjbuendia.com\/blog\/wp-json\/wp\/v2\/pages\/120"}],"collection":[{"href":"https:\/\/transjbuendia.com\/blog\/wp-json\/wp\/v2\/pages"}],"about":[{"href":"https:\/\/transjbuendia.com\/blog\/wp-json\/wp\/v2\/types\/page"}],"author":[{"embeddable":true,"href":"https:\/\/transjbuendia.com\/blog\/wp-json\/wp\/v2\/users\/1"}],"replies":[{"embeddable":true,"href":"https:\/\/transjbuendia.com\/blog\/wp-json\/wp\/v2\/comments?post=120"}],"version-history":[{"count":2,"href":"https:\/\/transjbuendia.com\/blog\/wp-json\/wp\/v2\/pages\/120\/revisions"}],"predecessor-version":[{"id":919,"href":"https:\/\/transjbuendia.com\/blog\/wp-json\/wp\/v2\/pages\/120\/revisions\/919"}],"wp:attachment":[{"href":"https:\/\/transjbuendia.com\/blog\/wp-json\/wp\/v2\/media?parent=120"}],"curies":[{"name":"wp","href":"https:\/\/api.w.org\/{rel}","templated":true}]}}